hat are the prime factors of 65773?
17, 53, 73
What are the prime factors of 339?
3, 113
List the prime factors of 3548.
2, 887
What are the prime factors of 14128?
2, 883
What are the prime factors of 15831?
3, 1759
What are the prime factors of 142067?
142067
What are the prime factors of 73190?
2, 5, 13, 563
List the prime factors of 1865.
5, 373
What are the prime factors of 1311?
3, 19, 23
List the prime factors of 1085.
5, 7, 31
What are the prime factors of 2779?
7, 397
What are the prime factors of 17670?
2, 3, 5, 19, 31
List the prime factors of 5188.
2, 1297
List the prime factors of 7709.
13, 593
List the prime factors of 3122.
2, 7, 223
What are the prime factors of 16204?
2, 4051
List the prime factors of 70759.
13, 5443
List the prime factors of 2372.
2, 593
List the prime factors of 7594.
2, 3797
List the prime factors of 2018.
2, 1009
What are the prime factors of 79421?
43, 1847
What are the prime factors of 25170?
2, 3, 5, 839
What are the prime factors of 6700?
2, 5, 67
List the prime factors of 24210.
2, 3, 5, 269
List the prime factors of 7897.
53, 149
List the prime factors of 340.
2, 5, 17
List the prime factors of 72968.
2, 7, 1303
List the prime factors of 59224.
2, 11, 673
What are the prime factors of 1241?
17, 73
What are the prime factors of 3182?
2, 37, 43
List the prime factors of 12011.
12011
List the prime factors of 10464.
2, 3, 109
What are the prime factors of 839?
839
List the prime factors of 949.
13, 73
List the prime factors of 28837.
28837
What are the prime factors of 1075?
5, 43
List the prime factors of 9029.
9029
List the prime factors of 531.
3, 59
What are the prime factors of 9290?
2, 5, 929
List the prime factors of 22918.
2, 7, 1637
What are the prime factors of 1786?
2, 19, 47
What are the prime factors of 73228?
2, 18307
What are the prime factors of 31688?
2, 17, 233
What are the prime factors of 12924?
2, 3, 359
What are the prime factors of 9101?
19, 479
List the prime factors of 75460.
2, 5, 7, 11
What are the prime factors of 8203?
13, 631
List the prime factors of 13911.
3, 4637
List the prime factors of 2471.
7, 353
What are the prime factors of 6075?
3, 5
List the prime factors of 8764.
2, 7, 313
List the prime factors of 2168.
2, 271
List the prime factors of 6316.
2, 1579
List the prime factors of 1453.
1453
List the prime factors of 16814.
2, 7, 1201
What are the prime factors of 5803?
7, 829
List the prime factors of 504.
2, 3, 7
What are the prime factors of 2719?
2719
List the prime factors of 15384.
2, 3, 641
What are the prime factors of 4906?
2, 11, 223
List the prime factors of 1011.
3, 337
What are the prime factors of 23821?
7, 41, 83
List the prime factors of 291.
3, 97
What are the prime factors of 1794?
2, 3, 13, 23
List the prime factors of 1496.
2, 11, 17
What are the prime factors of 2027?
2027
List the prime factors of 24347.
97, 251
List the prime factors of 3952.
2, 13, 19
What are the prime factors of 10126?
2, 61, 83
What are the prime factors of 19663?
7, 53
What are the prime factors of 86033?
227, 379
What are the prime factors of 121909?
121909
What are the prime factors of 3900?
2, 3, 5, 13
List the prime factors of 15590.
2, 5, 1559
List the prime factors of 3151.
23, 137
List the prime factors of 53283.
3, 17761
What are the prime factors of 9480?
2, 3, 5, 79
What are the prime factors of 10392?
2, 3, 433
What are the prime factors of 1211?
7, 173
List the prime factors of 53419.
53419
List the prime factors of 1700.
2, 5, 17
List the prime factors of 24790.
2, 5, 37, 67
What are the prime factors of 7990?
2, 5, 17, 47
List the prime factors of 13324.
2, 3331
List the prime factors of 156.
2, 3, 13
What are the prime factors of 2461?
23, 107
What are the prime factors of 2325?
3, 5, 31
List the prime factors of 9292.
2, 23, 101
What are the prime factors of 98405?
5, 19681
List the prime factors of 11213.
11213
List the prime factors of 4091.
4091
List the prime factors of 1440.
2, 3, 5
What are the prime factors of 7003?
47, 149
List the prime factors of 5707.
13, 439
What are the prime factors of 14234?
2, 11, 647
What are the prime factors of 1648?
2, 103
List the prime factors of 1301.
1301
List the prime factors of 64132.
2, 16033
List the prime factors of 101004.
2, 3, 19, 443
What are the prime factors of 2134?
2, 11, 97
What are the prime factors of 77142?
2, 3, 13, 23, 43
What are the prime factors of 4900?
2, 5, 7
What are the prime factors of 4587?
3, 11, 139
List the prime factors of 48730.
2, 5, 11, 443
List the prime factors of 2746.
2, 1373
What are the prime factors of 31318?
2, 7, 2237
List the prime factors of 25123.
7, 37, 97
List the prime factors of 46270.
2, 5, 7, 661
What are the prime factors of 583?
11, 53
List the prime factors of 24289.
107, 227
What are the prime factors of 37?
37
What are the prime factors of 1146?
2, 3, 191
List the prime factors of 1452.
2, 3, 11
What are the prime factors of 574?
2, 7, 41
List the prime factors of 1952.
2, 61
What are the prime factors of 22226?
2, 11113
What are the prime factors of 25945?
5, 5189
List the prime factors of 1749.
3, 11, 53
What are the prime factors of 12840?
2, 3, 5, 107
List the prime factors of 2701.
37, 73
What are the prime factors of 11539?
11, 1049
List the prime factors of 135.
3, 5
What are the prime factors of 1026?
2, 3, 19
What are the prime factors of 2919?
3, 7, 139
List the prime factors of 5509.
7, 787
What are the prime factors of 41427?
3, 4603
What are the prime factors of 3579?
3, 1193
What are the prime factors of 2949?
3, 983
List the prime factors of 9257.
9257
List the prime factors of 16712.
2, 2089
What are the prime factors of 1307?
1307
List the prime factors of 3028.
2, 757
What are the prime factors of 985?
5, 197
List the prime factors of 16155.
3, 5, 359
What are the prime factors of 9145?
5, 31, 59
List the prime factors of 9731.
37, 263
List the prime factors of 874.
2, 19, 23
What are the prime factors of 9597?
3, 7, 457
List the prime factors of 163373.
7, 23339
What are the prime factors of 100540?
2, 5, 11, 457
What are the prime factors of 26681?
26681
What are the prime factors of 1653?
3, 19, 29
List the prime factors of 8719.
8719
What are the prime factors of 1264?
2, 79
What are the prime factors of 40535?
5, 11, 67
What are the prime factors of 2012?
2, 503
What are the prime factors of 21520?
2, 5, 269
List the prime factors of 1001.
7, 11, 13
What are the prime factors of 43557?
3, 14519
What are the prime factors of 48078?
2, 3, 2671
List the prime factors of 3778.
2, 1889
List the prime factors of 49372.
2, 12343
What are the prime factors of 1025?
5, 41
List the prime factors of 543.
3, 181
What are the prime factors of 2272?
2, 71
What are the prime factors of 5775?
3, 5, 7, 11
What are the prime factors of 32385?
3, 5, 17, 127
List the prime factors of 700.
2, 5, 7
List the prime factors of 2216.
2, 277
What are the prime factors of 2769?
3, 13, 71
List the prime factors of 701.
701
What are the prime factors of 11889?
3, 1321
What are the prime factors of 4715?
5, 23, 41
List the prime factors of 615.
3, 5, 41
What are the prime factors of 4484?
2, 19, 59
What are the prime factors of 22771?
7, 3253
List the prime factors of 66.
2, 3, 11
List the prime factors of 13581.
3, 503
List the prime factors of 207.
3, 23
What are the prime factors of 43931?
197, 223
List the prime factors of 83966.
2, 41983
What are the prime factors of 61684?
2, 7, 2203
List the prime factors of 2780.
2, 5, 139
List the prime factors of 127178.
2, 63589
List the prime factors of 63120.
2, 3, 5, 263
List the prime factors of 398.
2, 199
List the prime factors of 3658.
2, 31, 59
List the prime factors of 4439.
23, 193
List the prime factors of 1620.
2, 3, 5
List the prime factors of 10576.
2, 661
What are the prime factors of 7463?
17, 439
List the prime factors of 11330.
2, 5, 11, 103
What are the prime factors of 11478?
2, 3, 1913
List the prime factors of 13739.
11, 1249
What are the prime factors of 140700?
2, 3, 5, 7, 67
List the prime factors of 9613.
9613
What are the prime factors of 97988?
2, 11, 17, 131
List the prime factors of 925.
5, 37
List the prime factors of 9972.
2, 3, 277
List the prime factors of 1067.
11, 97
List the prim